nder when 66409 is divided by 10?
9
What is the remainder when 1506 is divided by 58?
56
Calculate the remainder when 1619 is divided by 529.
32
What is the remainder when 1656 is divided by 805?
46
What is the remainder when 76666 is divided by 269?
1
What is the remainder when 24492 is divided by 1749?
6
What is the remainder when 28314 is divided by 998?
370
What is the remainder when 85705 is divided by 772?
13
Calculate the remainder when 4757 is divided by 924.
137
What is the remainder when 54458 is divided by 940?
878
What is the remainder when 544892 is divided by 69?
68
Calculate the remainder when 1464 is divided by 442.
138
What is the remainder when 11076 is divided by 2214?
6
What is the remainder when 185027 is divided by 204?
203
Calculate the remainder when 1667 is divided by 415.
7
Calculate the remainder when 13439 is divided by 6711.
17
What is the remainder when 725 is divided by 211?
92
What is the remainder when 11769 is divided by 11745?
24
What is the remainder when 20047 is divided by 22?
5
Calculate the remainder when 2552702 is divided by 9.
5
What is the remainder when 2073 is divided by 10?
3
What is the remainder when 3658 is divided by 1193?
79
Calculate the remainder when 1628 is divided by 152.
108
Calculate the remainder when 9303 is divided by 9248.
55
What is the remainder when 24953 is divided by 40?
33
Calculate the remainder when 10448 is divided by 6.
2
Calculate the remainder when 22613 is divided by 5545.
433
What is the remainder when 4736 is divided by 1235?
1031
What is the remainder when 654736 is divided by 24?
16
What is the remainder when 16868 is divided by 5259?
1091
What is the remainder when 1895 is divided by 258?
89
What is the remainder when 3378 is divided by 148?
122
Calculate the remainder when 158990 is divided by 242.
238
What is the remainder when 52950 is divided by 17650?
0
Calculate the remainder when 3522 is divided by 850.
122
Calculate the remainder when 168164 is divided by 264.
260
Calculate the remainder when 356244 is divided by 486.
6
Calculate the remainder when 50621 is divided by 50621.
0
Calculate the remainder when 825029 is divided by 206256.
5
Calculate the remainder when 28437 is divided by 9447.
96
What is the remainder when 1324 is divided by 51?
49
Calculate the remainder when 33109 is divided by 975.
934
Calculate the remainder when 69319 is divided by 753.
43
Calculate the remainder when 68507 is divided by 34238.
31
Calculate the remainder when 890 is divided by 40.
10
What is the remainder when 107587 is divided by 452?
11
What is the remainder when 6745 is divided by 479?
39
Calculate the remainder when 16510 is divided by 22.
10
Calculate the remainder when 59736 is divided by 47.
46
What is the remainder when 2825 is divided by 25?
0
What is the remainder when 119879 is divided by 449?
445
Calculate the remainder when 1845 is divided by 84.
81
Calculate the remainder when 1638 is divided by 1440.
198
What is the remainder when 66168 is divided by 233?
229
What is the remainder when 1427777 is divided by 10?
7
What is the remainder when 621 is divided by 475?
146
Calculate the remainder when 9782 is divided by 684.
206
What is the remainder when 65207 is divided by 65182?
25
Calculate the remainder when 26901 is divided by 538.
1
What is the remainder when 1456377 is divided by 27?
24
What is the remainder when 112433 is divided by 37447?
92
Calculate the remainder when 22821 is divided by 315.
141
What is the remainder when 8482 is divided by 2081?
158
What is the remainder when 865277 is divided by 19?
17
Calculate the remainder when 1193 is divided by 298.
1
Calculate the remainder when 248171 is divided by 19.
12
Calculate the remainder when 1306 is divided by 90.
46
Calculate the remainder when 1395 is divided by 753.
642
What is the remainder when 34070 is divided by 8513?
18
What is the remainder when 4582 is divided by 124?
118
Calculate the remainder when 16639 is divided by 16568.
71
What is the remainder when 13173 is divided by 455?
433
Calculate the remainder when 2689 is divided by 1558.
1131
What is the remainder when 134297 is divided by 16?
9
What is the remainder when 369575 is divided by 59?
58
Calculate the remainder when 29067 is divided by 71.
28
What is the remainder when 3565 is divided by 1710?
145
Calculate the remainder when 2269 is divided by 402.
259
What is the remainder when 7137 is divided by 892?
1
Calculate the remainder when 1558 is divided by 389.
2
What is the remainder when 7168 is divided by 94?
24
Calculate the remainder when 90190 is divided by 1878.
46
What is the remainder when 80221 is divided by 130?
11
Calculate the remainder when 101331 is divided by 60.
51
What is the remainder when 6589 is divided by 3248?
93
What is the remainder when 11636 is divided by 775?
11
What is the remainder when 4142 is divided by 757?
357
What is the remainder when 44979 is divided by 6?
3
Calculate the remainder when 17534 is divided by 274.
272
Calculate the remainder when 3014 is divided by 122.
86
Calculate the remainder when 2380 is divided by 46.
34
What is the remainder when 8312 is divided by 2768?
8
What is the remainder when 35441 is divided by 172?
9
What is the remainder when 2358 is divided by 976?
406
Calculate the remainder when 2141 is divided by 555.
476
Calculate the remainder when 4687 is divided by 297.
232
Calculate the remainder when 555 is divided by 359.
196
Calculate the remainder when 130962 is divided by 15.
12
What is the remainder when 3673 is divided by 245?
243
What is the remainder when 47689 is divided by 95?
94
What is the remainder when 27267 is divided by 267?
33
Calculate the remainder when 43148 is divided by 40.
28
What is the remainder when 23753 is divided by 1979?
5
What is the remainder when 2347 is divided by 297?
268
Calculate the remainder when 118277 is divided by 57.
2
Calculate the remainder when 450 is divided by 43.
20
What is the remainder when 1307 is divided by 42?
5
What is the remainder when 12440 is divided by 102?
98
What is the remainder when 169936 is divided by 2151?
7
Calculate the remainder when 142056 is divided by 5682.
6
Calculate the remainder when 168779 is divided by 194.
193
Calculate the remainder when 12679 is divided by 40.
39
What is the remainder when 102311 is divided by 192?
167
Calculate the remainder when 958 is divided by 135.
13
What is the remainder when 1273455 is divided by 255?
240
Calculate the remainder when 37188 is divided by 7435.
13
What is the remainder when 2515 is divided by 1169?
177
Calculate the remainder when 63754 is divided by 252.
250
Calculate the remainder when 7251 is divided by 2380.
111
Calculate the remainder when 1631187 is divided by 1555.
1547
Calculate the remainder when 22190 is divided by 22091.
99
What is the remainder when 86426 is divided by 164?
162
What is the remainder when 10014 is divided by 130?
4
What is the remainder when 10859 is divided by 3615?
14
Calculate the remainder when 91423 is divided by 46.
21
Calculate the remainder when 35978 is divided by 10.
8
Calculate the remainder when 63013 is divided by 12602.
3
What is the remainder when 23771 is divided by 49?
6
Calculate the remainder when 5957 is divided by 145.
12
What is the remainder when 380 is divided by 84?
44
Calculate the remainder when 4495 is divided by 158.
71
What is the remainder when 52917 is divided by 36?
33
Calculate the remainder when 24228 is divided by 33.
6
Calculate the remainder when 2666 is divided by 180.
146
Calculate the remainder when 58149 is divided by 2076.
21
Calculate the remainder when 10231 is divided by 2552.
23
Calculate the remainder when 8347 is divided by 1391.
1
Calculate the remainder when 1737978 is divided by 768.
762
What is the remainder when 8261 is divided by 1651?
6
Calculate the remainder when 44943 is divided by 2.
1
Calculate the remainder when 145420 is divided by 8078.
16
Calculate the remainder when 91053 is divided by 168.
165
What is the remainder when 4869 is divided by 2426?
17
What is the remainder when 335355 is divided by 524?
519
Calculate the remainder when 17714 is divided by 55.
4
Calculate the remainder when 22807 is divided by 912.
7
What is the remainder when 25469 is divided